{"id":2379,"date":"2022-08-25T20:32:48","date_gmt":"2022-08-25T17:32:48","guid":{"rendered":"https:\/\/oktaybanli.com.tr\/?page_id=2379"},"modified":"2023-11-14T18:51:16","modified_gmt":"2023-11-14T15:51:16","slug":"duodenal-switch-ameliyati","status":"publish","type":"page","link":"https:\/\/www.obezitecerrahiankara.com\/obezite\/duodenal-switch-ameliyati\/","title":{"rendered":"Duodenal Switch Ameliyat\u0131"},"content":{"rendered":"<section id=\"bt_section69dfe63c0f0f2\"  class=\"boldSection topSpaced bottomSpaced gutter inherit\" style=\"background-color:rgb(255,255,255);\"><div class=\"port\"><div class=\"boldCell\"><div class=\"boldCellInner\"><div class=\"boldRow  \" ><div class=\"boldRowInner\"><div class=\"rowItem col-md-12 col-ms-12  btTextLeft animate animate-fadein inherit btDoublePadding\"  ><div class=\"rowItemContent\" ><div class=\"btText\" ><h4 style=\"text-align: center;\">Duodenal Switch Ameliyat\u0131<\/h4>\n<p>Duedonal Switch di\u011fer ad\u0131yla biliopancreatic diversion ameliyat\u0131; y\u00fcksek oranda emilim engelleyici ve k\u0131smen de hacim k\u0131s\u0131tlay\u0131c\u0131 bir ameliyatt\u0131r.<\/p>\n<p>Duedonal Switch ameliyat\u0131, s\u00fcper obez dedi\u011fimiz <a href=\"https:\/\/oktaybanli.com.tr\/tibbi-terimler\">v\u00fccut kitle indeksi<\/a> 50\u2019nin \u00fczerinde olan durumlarda ve daha \u00f6nce t\u00fcp mide ameliyat\u0131 ge\u00e7irmi\u015f hastalarda, tekrar eski kilolar\u0131na gelmi\u015f ba\u015far\u0131s\u0131z olmu\u015f olan hastalarda bir cerrahi se\u00e7enek olarak sunulabilir. Ayn\u0131 zamanda kontrols\u00fcz <a href=\"https:\/\/oktaybanli.com.tr\/tibbi-terimler\/\">diyabeti<\/a> olan hastalar i\u00e7in de \u00f6nerilebilen bir y\u00f6ntemdir.<\/p>\n<figure id=\"attachment_2044\" aria-describedby=\"caption-attachment-2044\" style=\"width: 321px\" class=\"wp-caption alignnone\"><img loading=\"lazy\" class=\"wp-image-2044\" title=\"Duedonal Switch\" src=\"http:\/\/oktaybanli.com.tr\/wp-content\/uploads\/2022\/08\/Duodenal-switch-320x494.jpg\" alt=\"Duedonal Switch\" width=\"321\" height=\"496\" srcset=\"https:\/\/www.obezitecerrahiankara.com\/obezite\/wp-content\/uploads\/2022\/08\/Duodenal-switch-320x494.jpg 320w, https:\/\/www.obezitecerrahiankara.com\/obezite\/wp-content\/uploads\/2022\/08\/Duodenal-switch-540x834.jpg 540w, https:\/\/www.obezitecerrahiankara.com\/obezite\/wp-content\/uploads\/2022\/08\/Duodenal-switch.jpg 663w\" sizes=\"(max-width: 321px) 100vw, 321px\" \/><figcaption id=\"caption-attachment-2044\" class=\"wp-caption-text\">Duedonal Switch<\/figcaption><\/figure>\n<h5 style=\"text-align: center;\">Duedonal Switch<\/h5>\n<p>Ameliyat <a href=\"https:\/\/oktaybanli.com.tr\/tibbi-terimler\/\">laparoskopik<\/a> olarak yani kapal\u0131 y\u00f6ntemle yap\u0131lmaktad\u0131r. Bu ameliyatta \u00f6ncelikle bir sleeve gastrektomi yap\u0131lmakta, mide k\u00fc\u00e7\u00fclt\u00fclmekte ve daha sonra kal\u0131n ba\u011f\u0131rsa\u011fa yak\u0131n olan b\u00f6l\u00fcmden say\u0131larak ince ba\u011f\u0131rsa\u011f\u0131n son 200-250 cm si <a href=\"https:\/\/oktaybanli.com.tr\/tibbi-terimler\/\">anastomoz<\/a> yap\u0131l\u0131r. B\u00f6ylece g\u0131da do\u011frudan ince ba\u011f\u0131rsaklara y\u00f6nlendirilir. \u0130nce ba\u011f\u0131rsaklar\u0131n yakla\u015f\u0131k 2\/3 \u00fcn\u00fc bypass edecek \u015fekilde g\u00fc\u00e7l\u00fc bir <a href=\"https:\/\/oktaybanli.com.tr\/tibbi-terimler\/\">malabsorbsiyon<\/a> ve emilim k\u0131s\u0131tlamas\u0131 olu\u015fturulur.<\/p>\n<p>Duedonal Switch ameliyat\u0131n\u0131n \u00f6nemli derecede emilimi bozucu g\u00fcc\u00fc buradan gelmektedir. Yani teknik olarak ameliyat\u0131n as\u0131l etkisi metabolik etkinlik g\u00fcc\u00fcn\u00fc kullanarak kilo kayb\u0131 yaratmas\u0131yla ortaya \u00e7\u0131kmaktad\u0131r.<\/p>\n<p>T\u00fcm emilim bozucu prosed\u00fcrlerde oldu\u011fu gibi uzun d\u00f6nemde hastalarda emilim a\u015f\u0131r\u0131 bozuldu\u011fu i\u00e7in ge\u011firmeler, kar\u0131n a\u011fr\u0131lar\u0131, sindirilmemi\u015f g\u0131da ve ona ba\u011fl\u0131 k\u00f6t\u00fc kokulu ishaller, hayat konforunu bozacak derecede ishaller ortaya \u00e7\u0131kmaktad\u0131r. Protein emilimi bozuldu\u011fu i\u00e7in hastalar\u0131n y\u00fcksek proteinle beslenmesi gerekmektedir. Bu hastalarda ciddi vitamin eksiklikleri, kans\u0131zl\u0131klar, anemiler g\u00f6r\u00fclmektedir.<\/p>\n<p>Duedonal Switch ameliyat\u0131 d\u00fcnyada ve \u00fclkemizde de son derece s\u0131n\u0131rl\u0131 say\u0131da uygulanmaktad\u0131r.<\/p>\n<p><iframe loading=\"lazy\" title=\"Prof.Dr. Oktay Banl\u0131 - Duedonal Switch Ameliyat\u0131 Nedir? Nas\u0131l Yap\u0131l\u0131r?\" width=\"1200\" height=\"675\" src=\"https:\/\/www.youtube.com\/embed\/T00nojnEz9c?feature=oembed\" frameborder=\"0\" allow=\"accelerometer; autoplay; clipboard-write; encrypted-media; gyroscope; picture-in-picture; web-share\" allowfullscreen><\/iframe><\/p>\n<p style=\"text-align: center;\">Duedonal Switch Ameliyat\u0131 Nedir?<\/p>\n<\/div><\/div><\/div><\/div><\/div><\/div><\/div><\/div><\/section>","protected":false},"excerpt":{"rendered":"","protected":false},"author":1,"featured_media":2691,"parent":0,"menu_order":0,"comment_status":"closed","ping_status":"closed","template":"","meta":[],"yoast_head":"<!-- This site is optimized with the Yoast SEO Premium plugin v16.1 - https:\/\/yoast.com\/wordpress\/plugins\/seo\/ -->\n<title>Duodenal Switch Ameliyat\u0131 | T\u00fcp Mide Ameliyat\u0131<\/title>\n<meta name=\"description\" content=\"Duedonal Switch di\u011fer ad\u0131yla biliopancreatic diversion ameliyat\u0131; y\u00fcksek oranda emilim engelleyici ve k\u0131smende hacim k\u0131s\u0131tlay\u0131c\u0131 bir...\" \/>\n<link rel=\"canonical\" href=\"https:\/\/www.obezitecerrahiankara.com\/obezite\/duodenal-switch-ameliyati\/\" \/>\n<meta property=\"og:locale\" content=\"tr_TR\" \/>\n<meta property=\"og:type\" content=\"article\" \/>\n<meta property=\"og:title\" content=\"Duodenal Switch Ameliyat\u0131 | T\u00fcp Mide Ameliyat\u0131\" \/>\n<meta property=\"og:description\" content=\"Duedonal Switch di\u011fer ad\u0131yla biliopancreatic diversion ameliyat\u0131; y\u00fcksek oranda emilim engelleyici ve k\u0131smende hacim k\u0131s\u0131tlay\u0131c\u0131 bir...\" \/>\n<meta property=\"og:url\" content=\"https:\/\/www.obezitecerrahiankara.com\/obezite\/duodenal-switch-ameliyati\/\" \/>\n<meta property=\"og:site_name\" content=\"T\u00fcp Mide Ameliyat\u0131\" \/>\n<meta property=\"article:publisher\" content=\"https:\/\/www.facebook.com\/DrOktayBanli\/\" \/>\n<meta property=\"article:modified_time\" content=\"2023-11-14T15:51:16+00:00\" \/>\n<meta name=\"twitter:card\" content=\"summary_large_image\" \/>\n<meta name=\"twitter:image\" content=\"https:\/\/www.obezitecerrahiankara.com\/obezite\/wp-content\/uploads\/2023\/10\/top2.webp\" \/>\n<meta name=\"twitter:label1\" content=\"Tahmini okuma s\u00fcresi\">\n\t<meta name=\"twitter:data1\" content=\"5 dakika\">\n<script type=\"application\/ld+json\" class=\"yoast-schema-graph\">{\"@context\":\"https:\/\/schema.org\",\"@graph\":[{\"@type\":\"Organization\",\"@id\":\"https:\/\/www.obezitecerrahiankara.com\/obezite\/#organization\",\"name\":\"Prof. D. Oktay BANLI\",\"url\":\"https:\/\/www.obezitecerrahiankara.com\/obezite\/\",\"sameAs\":[\"https:\/\/www.facebook.com\/DrOktayBanli\/\",\"https:\/\/www.instagram.com\/prof.dr.oktaybanli\/\",\"https:\/\/www.youtube.com\/channel\/UCMbJlYVnIneRr8FYnNg_XTQ\"],\"logo\":{\"@type\":\"ImageObject\",\"@id\":\"https:\/\/www.obezitecerrahiankara.com\/obezite\/#logo\",\"inLanguage\":\"tr\",\"url\":\"https:\/\/oktaybanli.com.tr\/wp-content\/uploads\/2022\/08\/oktay-banli-logo-03.webp\",\"contentUrl\":\"https:\/\/oktaybanli.com.tr\/wp-content\/uploads\/2022\/08\/oktay-banli-logo-03.webp\",\"width\":198,\"height\":88,\"caption\":\"Prof. D. Oktay BANLI\"},\"image\":{\"@id\":\"https:\/\/www.obezitecerrahiankara.com\/obezite\/#logo\"}},{\"@type\":\"WebSite\",\"@id\":\"https:\/\/www.obezitecerrahiankara.com\/obezite\/#website\",\"url\":\"https:\/\/www.obezitecerrahiankara.com\/obezite\/\",\"name\":\"T\\u00fcp Mide Ameliyat\\u0131\",\"description\":\"Obezite Cerrahisi\",\"publisher\":{\"@id\":\"https:\/\/www.obezitecerrahiankara.com\/obezite\/#organization\"},\"potentialAction\":[{\"@type\":\"SearchAction\",\"target\":\"https:\/\/www.obezitecerrahiankara.com\/obezite\/?s={search_term_string}\",\"query-input\":\"required name=search_term_string\"}],\"inLanguage\":\"tr\"},{\"@type\":\"ImageObject\",\"@id\":\"https:\/\/www.obezitecerrahiankara.com\/obezite\/duodenal-switch-ameliyati\/#primaryimage\",\"inLanguage\":\"tr\",\"url\":\"https:\/\/www.obezitecerrahiankara.com\/obezite\/wp-content\/uploads\/2023\/10\/top2.webp\",\"contentUrl\":\"https:\/\/www.obezitecerrahiankara.com\/obezite\/wp-content\/uploads\/2023\/10\/top2.webp\",\"width\":2500,\"height\":1227},{\"@type\":\"WebPage\",\"@id\":\"https:\/\/www.obezitecerrahiankara.com\/obezite\/duodenal-switch-ameliyati\/#webpage\",\"url\":\"https:\/\/www.obezitecerrahiankara.com\/obezite\/duodenal-switch-ameliyati\/\",\"name\":\"Duodenal Switch Ameliyat\\u0131 | T\\u00fcp Mide Ameliyat\\u0131\",\"isPartOf\":{\"@id\":\"https:\/\/www.obezitecerrahiankara.com\/obezite\/#website\"},\"primaryImageOfPage\":{\"@id\":\"https:\/\/www.obezitecerrahiankara.com\/obezite\/duodenal-switch-ameliyati\/#primaryimage\"},\"datePublished\":\"2022-08-25T17:32:48+00:00\",\"dateModified\":\"2023-11-14T15:51:16+00:00\",\"description\":\"Duedonal Switch di\\u011fer ad\\u0131yla biliopancreatic diversion ameliyat\\u0131; y\\u00fcksek oranda emilim engelleyici ve k\\u0131smende hacim k\\u0131s\\u0131tlay\\u0131c\\u0131 bir...\",\"breadcrumb\":{\"@id\":\"https:\/\/www.obezitecerrahiankara.com\/obezite\/duodenal-switch-ameliyati\/#breadcrumb\"},\"inLanguage\":\"tr\",\"potentialAction\":[{\"@type\":\"ReadAction\",\"target\":[\"https:\/\/www.obezitecerrahiankara.com\/obezite\/duodenal-switch-ameliyati\/\"]}]},{\"@type\":\"BreadcrumbList\",\"@id\":\"https:\/\/www.obezitecerrahiankara.com\/obezite\/duodenal-switch-ameliyati\/#breadcrumb\",\"itemListElement\":[{\"@type\":\"ListItem\",\"position\":1,\"item\":{\"@type\":\"WebPage\",\"@id\":\"https:\/\/www.obezitecerrahiankara.com\/obezite\/\",\"url\":\"https:\/\/www.obezitecerrahiankara.com\/obezite\/\",\"name\":\"Home\"}},{\"@type\":\"ListItem\",\"position\":2,\"item\":{\"@type\":\"WebPage\",\"@id\":\"https:\/\/www.obezitecerrahiankara.com\/obezite\/duodenal-switch-ameliyati\/\",\"url\":\"https:\/\/www.obezitecerrahiankara.com\/obezite\/duodenal-switch-ameliyati\/\",\"name\":\"Duodenal Switch Ameliyat\\u0131\"}}]}]}<\/script>\n<!-- \/ Yoast SEO Premium plugin. -->","_links":{"self":[{"href":"https:\/\/www.obezitecerrahiankara.com\/obezite\/wp-json\/wp\/v2\/pages\/2379"}],"collection":[{"href":"https:\/\/www.obezitecerrahiankara.com\/obezite\/wp-json\/wp\/v2\/pages"}],"about":[{"href":"https:\/\/www.obezitecerrahiankara.com\/obezite\/wp-json\/wp\/v2\/types\/page"}],"author":[{"embeddable":true,"href":"https:\/\/www.obezitecerrahiankara.com\/obezite\/wp-json\/wp\/v2\/users\/1"}],"replies":[{"embeddable":true,"href":"https:\/\/www.obezitecerrahiankara.com\/obezite\/wp-json\/wp\/v2\/comments?post=2379"}],"version-history":[{"count":2,"href":"https:\/\/www.obezitecerrahiankara.com\/obezite\/wp-json\/wp\/v2\/pages\/2379\/revisions"}],"predecessor-version":[{"id":2873,"href":"https:\/\/www.obezitecerrahiankara.com\/obezite\/wp-json\/wp\/v2\/pages\/2379\/revisions\/2873"}],"wp:featuredmedia":[{"embeddable":true,"href":"https:\/\/www.obezitecerrahiankara.com\/obezite\/wp-json\/wp\/v2\/media\/2691"}],"wp:attachment":[{"href":"https:\/\/www.obezitecerrahiankara.com\/obezite\/wp-json\/wp\/v2\/media?parent=2379"}],"curies":[{"name":"wp","href":"https:\/\/api.w.org\/{rel}","templated":true}]}}