{"id":2388,"date":"2022-08-25T20:50:52","date_gmt":"2022-08-25T17:50:52","guid":{"rendered":"https:\/\/oktaybanli.com.tr\/?page_id=2388"},"modified":"2023-12-06T15:53:48","modified_gmt":"2023-12-06T12:53:48","slug":"obezitenin-neden-oldugu-hastaliklar-nelerdir","status":"publish","type":"page","link":"https:\/\/www.obezitecerrahiankara.com\/obezite\/obezitenin-neden-oldugu-hastaliklar-nelerdir\/","title":{"rendered":"Obezitenin Neden Oldu\u011fu Hastal\u0131klar Nelerdir?"},"content":{"rendered":"<section id=\"bt_section69dffc09525e7\"  class=\"boldSection topSpaced bottomSpaced gutter inherit\" style=\"background-color:rgb(255,255,255);\"><div class=\"port\"><div class=\"boldCell\"><div class=\"boldCellInner\"><div class=\"boldRow  \" ><div class=\"boldRowInner\"><div class=\"rowItem col-md-12 col-ms-12  btTextLeft animate animate-fadein inherit btDoublePadding\"  ><div class=\"rowItemContent\" ><div class=\"btText\" ><h4 style=\"text-align: center;\">Obezitenin Neden Oldu\u011fu Hastal\u0131klar Nelerdir?<\/h4>\n<p>Obezitenin neden oldu\u011fu hastal\u0131klar, medikal komplikasyonlar neredeyse t\u00fcm v\u00fccut sistemini etkilemektedir. <a href=\"https:\/\/oktaybanli.com.tr\/tibbi-terimler\">Endokrin sistem<\/a>, <a href=\"https:\/\/oktaybanli.com.tr\/tibbi-terimler\">kardiyovask\u00fcler<\/a> sistem, solunum sistemi, <a href=\"https:\/\/oktaybanli.com.tr\/tibbi-terimler\">gastrointestinal<\/a> sistem, deri, <a href=\"https:\/\/oktaybanli.com.tr\/tibbi-terimler\">genito\u00fcriner<\/a> sistem ile kas iskelet sistemi etkilenmekte ve ayr\u0131ca psikososyal durum \u00fczerinde yaratt\u0131\u011f\u0131 olumsuz etkilerden dolay\u0131 da obezite pek \u00e7ok sa\u011fl\u0131k problemlerine neden olmaktad\u0131r.<\/p>\n<p>Obezitenin Neden Oldu\u011fu Hastal\u0131klar Nelerdir?<\/p>\n<p>Obezitenin \u00e7e\u015fitli hastal\u0131klarla ili\u015fkisi bilinmekte olup morbidite (hastal\u0131\u011fa yakalanma) ve mortaliteyi (\u00f6l\u00fcm) artt\u0131r\u0131c\u0131 etkisi de ortaya konulmu\u015ftur. Amerika\u2019 da her y\u0131l yakla\u015f\u0131k 300.000 yeti\u015fkin, obezite ile ili\u015fkili nedenlere ba\u011fl\u0131 \u00f6lmektedir.<\/p>\n<p>Obezitenin neden oldu\u011fu sa\u011fl\u0131k sorunlar\u0131n\u0131 ya da hangi risklerin alt\u0131nda oldu\u011fumuzu \u015f\u00f6yle s\u0131ralayabiliriz.<\/p>\n<figure id=\"attachment_1938\" aria-describedby=\"caption-attachment-1938\" style=\"width: 752px\" class=\"wp-caption alignnone\"><img loading=\"lazy\" class=\" wp-image-1938\" src=\"http:\/\/oktaybanli.com.tr\/wp-content\/uploads\/2022\/08\/obezitenin-neden-oldugu-hastaliklar-320x240.webp\" alt=\"Obezitenin Neden Oldu\u011fu Hastal\u0131klar Nelerdir?\" width=\"752\" height=\"564\" srcset=\"https:\/\/www.obezitecerrahiankara.com\/obezite\/wp-content\/uploads\/2022\/08\/obezitenin-neden-oldugu-hastaliklar-320x240.webp 320w, https:\/\/www.obezitecerrahiankara.com\/obezite\/wp-content\/uploads\/2022\/08\/obezitenin-neden-oldugu-hastaliklar.webp 425w\" sizes=\"(max-width: 752px) 100vw, 752px\" \/><figcaption id=\"caption-attachment-1938\" class=\"wp-caption-text\">Obezitenin Neden Oldu\u011fu Hastal\u0131klar Nelerdir?<\/figcaption><\/figure>\n<table border=\"0\" width=\"100%\">\n<tbody>\n<tr>\n<td>\n<p align=\"center\"><strong>Metabolik-Hormonal Komplikasyonlar<\/strong><br \/>\nMetabolik Sendrom<br \/>\nTip 2 Diyabet<br \/>\n\u0130ns\u00fcl\u00fcn Direnci, Hiperins\u00fclinemi<br \/>\nDislipidemi<br \/>\n<strong>Kardiyovask\u00fcler Sistem Hastal\u0131klar\u0131<\/strong><br \/>\nBeyin Damar Hastal\u0131klar\u0131<br \/>\nKalp Yetersizlikleri<br \/>\nKoroner Kalp Hastal\u0131\u011f\u0131<br \/>\nTromboembolik Hastal\u0131k<br \/>\nHipertansiyon<br \/>\nHiperlipidemi, Hipertrigliseridemi<br \/>\n\u0130nme<br \/>\n<strong>Solunum Sistemi Hastal\u0131klar\u0131<\/strong><br \/>\nObezite-Hipoventilasyon Sendromu<br \/>\nUyku Apnesi<br \/>\nAst\u0131m<br \/>\nSolunum Zorlu\u011fu<br \/>\n<strong>Sindirim Sistemi Hastal\u0131klar\u0131<\/strong><br \/>\nSafra Kesesi Hastal\u0131\u011f\u0131<br \/>\nKaraci\u011fer Hastal\u0131\u011f\u0131<br \/>\nKaraci\u011fer Ya\u011flanmas\u0131<br \/>\nRefl\u00fc Hastal\u0131\u011f\u0131<br \/>\n<strong>Polikistik Over Sendromu<\/strong><br \/>\n<strong>Deri Enfeksiyonlar\u0131<\/strong><\/p>\n<\/td>\n<td>\n<p style=\"text-align: center;\" align=\"center\"><strong>\u0130mm\u00fcn Sistem Bozukluklar\u0131<\/strong><br \/>\n<strong>Cilt Hastal\u0131klar\u0131<\/strong><br \/>\n<strong>Cerrahi Sorunlar<\/strong><\/p>\n<p style=\"text-align: center;\"><strong>Kanser<\/strong><br \/>\nMeme<br \/>\nKolon<br \/>\nRektum<br \/>\nRahim<br \/>\nSafra Yollar\u0131<br \/>\nYumurta<br \/>\nProstat<\/p>\n<p style=\"text-align: center;\"><strong>Obezitenin Medikal Komplikasyolar\u0131<\/strong><br \/>\nOsteoartrit<br \/>\nArtm\u0131\u015f Kar\u0131n \u0130\u00e7i Bas\u0131nc\u0131<\/p>\n<p style=\"text-align: center;\"><strong>Psiko-Sosyal Komplikasyonlar<\/strong><br \/>\nAnoreksiye Nevroza<br \/>\nBulumia Nevroza<br \/>\nGece Yeme Sendromu<br \/>\n<strong><br \/>\nGebelik Sorunlar\u0131<\/strong><br \/>\n<strong>Adet D\u00fczensizlikleri<\/strong><br \/>\n<strong>A\u015f\u0131r\u0131 K\u0131llanma<\/strong><\/p>\n<\/td>\n<\/tr>\n<\/tbody>\n<\/table>\n<p>Obezite ile m\u00fccadele tabloda da g\u00f6r\u00fcld\u00fc\u011f\u00fc \u00fczere asl\u0131nda pek \u00e7ok hastal\u0131kla m\u00fccadele etmek demektir. T\u00fcm bu risklere maruz kalmamak i\u00e7in obeziteden korunmak ve tedavi s\u00fcre\u00e7lerine ge\u00e7mek b\u00fcy\u00fck \u00f6nem ta\u015f\u0131maktad\u0131r.<\/p>\n<p>Obezite ameliyatlar\u0131n\u0131n ba\u015far\u0131s\u0131 birinci kriter olarak do\u011fru hastaya do\u011fru yapmaktan ge\u00e7iyor. Yani gen\u00e7, diyabetik olmayan, b\u00fcy\u00fck porsiyon ile beslenen, karbonhidrat a\u011f\u0131rl\u0131kl\u0131, hamur i\u015fi a\u011f\u0131rl\u0131kl\u0131, ekmek a\u011f\u0131rl\u0131kl\u0131 hastalarda yap\u0131lacak t\u00fcp mide ameliyat\u0131 \u00e7ok ba\u015far\u0131l\u0131 bir ameliyat olacakt\u0131r. Diyabetik hastalarda, a\u015f\u0131r\u0131 kalori t\u00fcketen, litrelerce kola i\u00e7en, kilolarca dondurma yiyen, kavanoz kavanoz \u00e7ikolata yiyen hastalarda da Gastrik Bypass ameliyat\u0131 daha ba\u015far\u0131l\u0131d\u0131r. Do\u011fru hastaya do\u011fru tedavi yap\u0131ld\u0131\u011f\u0131 takdirde hastalar fazla kilolar\u0131n\u0131 rahat\u00e7a verebilmektedirler.<\/p>\n<p><iframe loading=\"lazy\" title=\"OBEZ\u0130TE AMEL\u0130YATLARI VE \u015eEKER HASTALI\u011eI- NTV GECE B\u00dcLTEN\u0130-09.02.2018\" width=\"1200\" height=\"675\" src=\"https:\/\/www.youtube.com\/embed\/PkBavViXNLA?feature=oembed\" frameborder=\"0\" allow=\"accelerometer; autoplay; clipboard-write; encrypted-media; gyroscope; picture-in-picture; web-share\" allowfullscreen><\/iframe><\/p>\n<p>Obezite ameliyatlar\u0131n\u0131n ikinci ba\u015far\u0131s\u0131 yanda\u015f hastal\u0131klar\u0131ndan kurtulmas\u0131d\u0131r. \u00d6rne\u011fin kilolar\u0131n\u0131n y\u00fczde 15-20 kadar\u0131n\u0131 veren hastalarda uyku apneleri hemen d\u00fczeliyor. Gastrik Bypass ameliyat\u0131 yap\u0131lan hastalar de birka\u00e7 hafta i\u00e7erisinde kilo verse de vermese de diyabet hemen d\u00fczeliyor. Hipertansiyon hasta kilo verdikten sonra zaman i\u00e7erisinde hemen d\u00fczeliyor. Yanda\u015f hastal\u0131klardan kurtulma ihtimalleri diyabetin s\u00fcresiyle \u00e7ok ilgilidir. Diyelim ki 5 y\u0131ll\u0131k ve diyabet hastas\u0131nda bu oran y\u00fczde 80-85 buluyor. Yine uyku apnesi \u00e7eken Cipap cihaz\u0131 kullanan hastalar\u0131n %90&#8217;\u0131 bu cihazlardan ve uyku apnesinden kurtulabiliyor. Yine hipertansiyondan kurtulan hastalar\u0131n oran\u0131 y\u00fczde 80&#8217;in \u00fczerinde oluyor.<\/p>\n<p>[instagram-feed feed=3]<\/p>\n<\/div><\/div><\/div><\/div><\/div><\/div><\/div><\/div><\/section>","protected":false},"excerpt":{"rendered":"","protected":false},"author":1,"featured_media":2691,"parent":0,"menu_order":0,"comment_status":"closed","ping_status":"closed","template":"","meta":[],"yoast_head":"<!-- This site is optimized with the Yoast SEO Premium plugin v16.1 - https:\/\/yoast.com\/wordpress\/plugins\/seo\/ -->\n<title>Obezitenin Neden Oldu\u011fu Hastal\u0131klar Nelerdir? | T\u00fcp Mide Ameliyat\u0131<\/title>\n<meta name=\"description\" content=\"Obezitenin neden oldu\u011fu hastal\u0131klar, medikal komplikasyonlar neredeyse t\u00fcm v\u00fccut sistemini etkilemektedir. Endokrin sistem, kardiyovask\u00fcler..\" \/>\n<link rel=\"canonical\" href=\"https:\/\/www.obezitecerrahiankara.com\/obezite\/obezitenin-neden-oldugu-hastaliklar-nelerdir\/\" \/>\n<meta property=\"og:locale\" content=\"tr_TR\" \/>\n<meta property=\"og:type\" content=\"article\" \/>\n<meta property=\"og:title\" content=\"Obezitenin Neden Oldu\u011fu Hastal\u0131klar Nelerdir? | T\u00fcp Mide Ameliyat\u0131\" \/>\n<meta property=\"og:description\" content=\"Obezitenin neden oldu\u011fu hastal\u0131klar, medikal komplikasyonlar neredeyse t\u00fcm v\u00fccut sistemini etkilemektedir. Endokrin sistem, kardiyovask\u00fcler..\" \/>\n<meta property=\"og:url\" content=\"https:\/\/www.obezitecerrahiankara.com\/obezite\/obezitenin-neden-oldugu-hastaliklar-nelerdir\/\" \/>\n<meta property=\"og:site_name\" content=\"T\u00fcp Mide Ameliyat\u0131\" \/>\n<meta property=\"article:publisher\" content=\"https:\/\/www.facebook.com\/DrOktayBanli\/\" \/>\n<meta property=\"article:modified_time\" content=\"2023-12-06T12:53:48+00:00\" \/>\n<meta name=\"twitter:card\" content=\"summary_large_image\" \/>\n<meta name=\"twitter:image\" content=\"https:\/\/www.obezitecerrahiankara.com\/obezite\/wp-content\/uploads\/2023\/10\/top2.webp\" \/>\n<meta name=\"twitter:label1\" content=\"Tahmini okuma s\u00fcresi\">\n\t<meta name=\"twitter:data1\" content=\"5 dakika\">\n<script type=\"application\/ld+json\" class=\"yoast-schema-graph\">{\"@context\":\"https:\/\/schema.org\",\"@graph\":[{\"@type\":\"Organization\",\"@id\":\"https:\/\/www.obezitecerrahiankara.com\/obezite\/#organization\",\"name\":\"Prof. D. Oktay BANLI\",\"url\":\"https:\/\/www.obezitecerrahiankara.com\/obezite\/\",\"sameAs\":[\"https:\/\/www.facebook.com\/DrOktayBanli\/\",\"https:\/\/www.instagram.com\/prof.dr.oktaybanli\/\",\"https:\/\/www.youtube.com\/channel\/UCMbJlYVnIneRr8FYnNg_XTQ\"],\"logo\":{\"@type\":\"ImageObject\",\"@id\":\"https:\/\/www.obezitecerrahiankara.com\/obezite\/#logo\",\"inLanguage\":\"tr\",\"url\":\"https:\/\/oktaybanli.com.tr\/wp-content\/uploads\/2022\/08\/oktay-banli-logo-03.webp\",\"contentUrl\":\"https:\/\/oktaybanli.com.tr\/wp-content\/uploads\/2022\/08\/oktay-banli-logo-03.webp\",\"width\":198,\"height\":88,\"caption\":\"Prof. D. Oktay BANLI\"},\"image\":{\"@id\":\"https:\/\/www.obezitecerrahiankara.com\/obezite\/#logo\"}},{\"@type\":\"WebSite\",\"@id\":\"https:\/\/www.obezitecerrahiankara.com\/obezite\/#website\",\"url\":\"https:\/\/www.obezitecerrahiankara.com\/obezite\/\",\"name\":\"T\\u00fcp Mide Ameliyat\\u0131\",\"description\":\"Obezite Cerrahisi\",\"publisher\":{\"@id\":\"https:\/\/www.obezitecerrahiankara.com\/obezite\/#organization\"},\"potentialAction\":[{\"@type\":\"SearchAction\",\"target\":\"https:\/\/www.obezitecerrahiankara.com\/obezite\/?s={search_term_string}\",\"query-input\":\"required name=search_term_string\"}],\"inLanguage\":\"tr\"},{\"@type\":\"ImageObject\",\"@id\":\"https:\/\/www.obezitecerrahiankara.com\/obezite\/obezitenin-neden-oldugu-hastaliklar-nelerdir\/#primaryimage\",\"inLanguage\":\"tr\",\"url\":\"https:\/\/www.obezitecerrahiankara.com\/obezite\/wp-content\/uploads\/2023\/10\/top2.webp\",\"contentUrl\":\"https:\/\/www.obezitecerrahiankara.com\/obezite\/wp-content\/uploads\/2023\/10\/top2.webp\",\"width\":2500,\"height\":1227},{\"@type\":\"WebPage\",\"@id\":\"https:\/\/www.obezitecerrahiankara.com\/obezite\/obezitenin-neden-oldugu-hastaliklar-nelerdir\/#webpage\",\"url\":\"https:\/\/www.obezitecerrahiankara.com\/obezite\/obezitenin-neden-oldugu-hastaliklar-nelerdir\/\",\"name\":\"Obezitenin Neden Oldu\\u011fu Hastal\\u0131klar Nelerdir? | T\\u00fcp Mide Ameliyat\\u0131\",\"isPartOf\":{\"@id\":\"https:\/\/www.obezitecerrahiankara.com\/obezite\/#website\"},\"primaryImageOfPage\":{\"@id\":\"https:\/\/www.obezitecerrahiankara.com\/obezite\/obezitenin-neden-oldugu-hastaliklar-nelerdir\/#primaryimage\"},\"datePublished\":\"2022-08-25T17:50:52+00:00\",\"dateModified\":\"2023-12-06T12:53:48+00:00\",\"description\":\"Obezitenin neden oldu\\u011fu hastal\\u0131klar, medikal komplikasyonlar neredeyse t\\u00fcm v\\u00fccut sistemini etkilemektedir. Endokrin sistem, kardiyovask\\u00fcler..\",\"breadcrumb\":{\"@id\":\"https:\/\/www.obezitecerrahiankara.com\/obezite\/obezitenin-neden-oldugu-hastaliklar-nelerdir\/#breadcrumb\"},\"inLanguage\":\"tr\",\"potentialAction\":[{\"@type\":\"ReadAction\",\"target\":[\"https:\/\/www.obezitecerrahiankara.com\/obezite\/obezitenin-neden-oldugu-hastaliklar-nelerdir\/\"]}]},{\"@type\":\"BreadcrumbList\",\"@id\":\"https:\/\/www.obezitecerrahiankara.com\/obezite\/obezitenin-neden-oldugu-hastaliklar-nelerdir\/#breadcrumb\",\"itemListElement\":[{\"@type\":\"ListItem\",\"position\":1,\"item\":{\"@type\":\"WebPage\",\"@id\":\"https:\/\/www.obezitecerrahiankara.com\/obezite\/\",\"url\":\"https:\/\/www.obezitecerrahiankara.com\/obezite\/\",\"name\":\"Home\"}},{\"@type\":\"ListItem\",\"position\":2,\"item\":{\"@type\":\"WebPage\",\"@id\":\"https:\/\/www.obezitecerrahiankara.com\/obezite\/obezitenin-neden-oldugu-hastaliklar-nelerdir\/\",\"url\":\"https:\/\/www.obezitecerrahiankara.com\/obezite\/obezitenin-neden-oldugu-hastaliklar-nelerdir\/\",\"name\":\"Obezitenin Neden Oldu\\u011fu Hastal\\u0131klar Nelerdir?\"}}]}]}<\/script>\n<!-- \/ Yoast SEO Premium plugin. -->","_links":{"self":[{"href":"https:\/\/www.obezitecerrahiankara.com\/obezite\/wp-json\/wp\/v2\/pages\/2388"}],"collection":[{"href":"https:\/\/www.obezitecerrahiankara.com\/obezite\/wp-json\/wp\/v2\/pages"}],"about":[{"href":"https:\/\/www.obezitecerrahiankara.com\/obezite\/wp-json\/wp\/v2\/types\/page"}],"author":[{"embeddable":true,"href":"https:\/\/www.obezitecerrahiankara.com\/obezite\/wp-json\/wp\/v2\/users\/1"}],"replies":[{"embeddable":true,"href":"https:\/\/www.obezitecerrahiankara.com\/obezite\/wp-json\/wp\/v2\/comments?post=2388"}],"version-history":[{"count":3,"href":"https:\/\/www.obezitecerrahiankara.com\/obezite\/wp-json\/wp\/v2\/pages\/2388\/revisions"}],"predecessor-version":[{"id":2913,"href":"https:\/\/www.obezitecerrahiankara.com\/obezite\/wp-json\/wp\/v2\/pages\/2388\/revisions\/2913"}],"wp:featuredmedia":[{"embeddable":true,"href":"https:\/\/www.obezitecerrahiankara.com\/obezite\/wp-json\/wp\/v2\/media\/2691"}],"wp:attachment":[{"href":"https:\/\/www.obezitecerrahiankara.com\/obezite\/wp-json\/wp\/v2\/media?parent=2388"}],"curies":[{"name":"wp","href":"https:\/\/api.w.org\/{rel}","templated":true}]}}