{"id":2412,"date":"2022-08-25T21:20:40","date_gmt":"2022-08-25T18:20:40","guid":{"rendered":"https:\/\/oktaybanli.com.tr\/?page_id=2412"},"modified":"2023-12-06T15:54:04","modified_gmt":"2023-12-06T12:54:04","slug":"cocuklar-obezite-ameliyati-olabilir-mi-2","status":"publish","type":"page","link":"https:\/\/www.obezitecerrahiankara.com\/obezite\/cocuklar-obezite-ameliyati-olabilir-mi-2\/","title":{"rendered":"\u00c7ocuklar Obezite Ameliyat\u0131 Olabilir mi?"},"content":{"rendered":"<section id=\"bt_section69dfe522f03cf\"  class=\"boldSection topSpaced bottomSpaced gutter inherit\" style=\"background-color:rgb(255,255,255);\"><div class=\"port\"><div class=\"boldCell\"><div class=\"boldCellInner\"><div class=\"boldRow  \" ><div class=\"boldRowInner\"><div class=\"rowItem col-md-12 col-ms-12  btTextLeft animate animate-fadein inherit btDoublePadding\"  ><div class=\"rowItemContent\" ><div class=\"btText\" ><h3 style=\"text-align: center;\">\u00c7ocuklar Obezite Ameliyat\u0131 Olabilir mi?<\/h3>\n<p style=\"text-align: left;\"><span style=\"font-weight: 400;\">\u00c7ocuklar <a href=\"https:\/\/oktaybanli.com.tr\/tup-mide-ameliyati-sleeve-gastrektomi\/\">Obezite Ameliyat\u0131<\/a> Olabilir mi? Obezite ameliyat ya\u015f\u0131 giderek d\u00fc\u015fmekte. \u00d6zellikle <a href=\"https:\/\/oktaybanli.com.tr\/tibbi-terimler\/\">adolesan obezitesi<\/a> de g\u00fcndemde yani okul \u00e7a\u011f\u0131 \u00e7ocuklar\u0131nda da \u00e7ok ciddi obezler kar\u015f\u0131m\u0131za \u00e7\u0131kmaktad\u0131r. Obezite ameliyat ya\u015f\u0131 ba\u015flang\u0131\u00e7ta 18 olarak \u00e7ok telaffuz etti\u011fimiz bir ya\u015ft\u0131 ama biz bu ya\u015f\u0131n giderek d\u00fc\u015ft\u00fc\u011f\u00fcn\u00fc, 13-14 ya\u015f\u0131nda hastalara da obezite ameliyatlar\u0131 yap\u0131ld\u0131\u011f\u0131n\u0131 g\u00f6r\u00fcyoruz.<\/span><\/p>\n<figure id=\"attachment_1977\" aria-describedby=\"caption-attachment-1977\" style=\"width: 750px\" class=\"wp-caption alignnone\"><img loading=\"lazy\" class=\"wp-image-1977\" title=\"\u00c7ocuklar Obezite Ameliyat\u0131 Olabilir mi?\" src=\"http:\/\/oktaybanli.com.tr\/wp-content\/uploads\/2022\/08\/cocuklar-obezite-ameliyati-olabilir-mi-320x213.webp\" alt=\"\u00c7ocuklar Obezite Ameliyat\u0131 Olabilir mi?\" width=\"750\" height=\"499\" \/><figcaption id=\"caption-attachment-1977\" class=\"wp-caption-text\">\u00c7ocuklar Obezite Ameliyat\u0131 Olabilir mi?<\/figcaption><\/figure>\n<p style=\"text-align: left;\"><span style=\"font-weight: 400;\">Ancak \u00e7ocuk hastalara obezite ameliyat\u0131 yap\u0131lmadan \u00f6nce mutlaka bir \u00e7ocuk <a href=\"https:\/\/oktaybanli.com.tr\/tibbi-terimler\/\">endoktrinci<\/a> konu\u015fmak gerekmektedir. Obezitenin alt\u0131nda yatan ba\u015fka bir hormonal sebep olup olmad\u0131\u011f\u0131n\u0131 ara\u015ft\u0131rmak gerekir. Ara\u015ft\u0131rma yap\u0131ld\u0131ktan sonra obezite ameliyat\u0131na karar vermek gerekir. \u00d6nceleri 18&#8217;le ba\u015flayan obezite ya\u015f\u0131 giderek k\u00fc\u00e7\u00fcld\u00fc\u011f\u00fcn\u00fc ve bunun bir \u00e7ocuk <a href=\"https:\/\/oktaybanli.com.tr\/tibbi-terimler\/\">endokrinci<\/a> <a href=\"https:\/\/oktaybanli.com.tr\/tibbi-terimler\/\">kons\u00fclte<\/a> edilerek uygun hastalarda daha k\u00fc\u00e7\u00fck ya\u015flarda da yap\u0131ld\u0131\u011f\u0131n\u0131 s\u00f6ylemek gerekir.<\/span><\/p>\n<p><iframe loading=\"lazy\" title=\"Prof.Dr. Oktay Banl\u0131 - \u00c7ocukluk Obezitesi Durumunda Obezite Ameliyat\u0131 Yap\u0131l\u0131r m\u0131?\" width=\"1200\" height=\"675\" src=\"https:\/\/www.youtube.com\/embed\/O39Mfr9BHPg?feature=oembed\" frameborder=\"0\" allow=\"accelerometer; autoplay; clipboard-write; encrypted-media; gyroscope; picture-in-picture; web-share\" allowfullscreen><\/iframe><\/p>\n<p>[instagram-feed feed=3]<\/p>\n<\/div><\/div><\/div><\/div><\/div><\/div><\/div><\/div><\/section>","protected":false},"excerpt":{"rendered":"","protected":false},"author":1,"featured_media":2691,"parent":0,"menu_order":0,"comment_status":"closed","ping_status":"closed","template":"","meta":[],"yoast_head":"<!-- This site is optimized with the Yoast SEO Premium plugin v16.1 - https:\/\/yoast.com\/wordpress\/plugins\/seo\/ -->\n<title>\u00c7ocuklar Obezite Ameliyat\u0131 Olabilir mi? | T\u00fcp Mide Ameliyat\u0131<\/title>\n<meta name=\"description\" content=\"\u00c7ocuklar Obezite Ameliyat\u0131 Olabilir mi? Obezite ameliyat ya\u015f\u0131 giderek d\u00fc\u015fmekte. \u00d6zellikle adolesan obezitesi de g\u00fcndemde yani okul \u00e7a\u011f...\" \/>\n<link rel=\"canonical\" href=\"https:\/\/www.obezitecerrahiankara.com\/obezite\/cocuklar-obezite-ameliyati-olabilir-mi-2\/\" \/>\n<meta property=\"og:locale\" content=\"tr_TR\" \/>\n<meta property=\"og:type\" content=\"article\" \/>\n<meta property=\"og:title\" content=\"\u00c7ocuklar Obezite Ameliyat\u0131 Olabilir mi? | T\u00fcp Mide Ameliyat\u0131\" \/>\n<meta property=\"og:description\" content=\"\u00c7ocuklar Obezite Ameliyat\u0131 Olabilir mi? Obezite ameliyat ya\u015f\u0131 giderek d\u00fc\u015fmekte. \u00d6zellikle adolesan obezitesi de g\u00fcndemde yani okul \u00e7a\u011f...\" \/>\n<meta property=\"og:url\" content=\"https:\/\/www.obezitecerrahiankara.com\/obezite\/cocuklar-obezite-ameliyati-olabilir-mi-2\/\" \/>\n<meta property=\"og:site_name\" content=\"T\u00fcp Mide Ameliyat\u0131\" \/>\n<meta property=\"article:publisher\" content=\"https:\/\/www.facebook.com\/DrOktayBanli\/\" \/>\n<meta property=\"article:modified_time\" content=\"2023-12-06T12:54:04+00:00\" \/>\n<meta name=\"twitter:card\" content=\"summary_large_image\" \/>\n<meta name=\"twitter:image\" content=\"https:\/\/www.obezitecerrahiankara.com\/obezite\/wp-content\/uploads\/2023\/10\/top2.webp\" \/>\n<meta name=\"twitter:label1\" content=\"Tahmini okuma s\u00fcresi\">\n\t<meta name=\"twitter:data1\" content=\"5 dakika\">\n<script type=\"application\/ld+json\" class=\"yoast-schema-graph\">{\"@context\":\"https:\/\/schema.org\",\"@graph\":[{\"@type\":\"Organization\",\"@id\":\"https:\/\/www.obezitecerrahiankara.com\/obezite\/#organization\",\"name\":\"Prof. D. Oktay BANLI\",\"url\":\"https:\/\/www.obezitecerrahiankara.com\/obezite\/\",\"sameAs\":[\"https:\/\/www.facebook.com\/DrOktayBanli\/\",\"https:\/\/www.instagram.com\/prof.dr.oktaybanli\/\",\"https:\/\/www.youtube.com\/channel\/UCMbJlYVnIneRr8FYnNg_XTQ\"],\"logo\":{\"@type\":\"ImageObject\",\"@id\":\"https:\/\/www.obezitecerrahiankara.com\/obezite\/#logo\",\"inLanguage\":\"tr\",\"url\":\"https:\/\/oktaybanli.com.tr\/wp-content\/uploads\/2022\/08\/oktay-banli-logo-03.webp\",\"contentUrl\":\"https:\/\/oktaybanli.com.tr\/wp-content\/uploads\/2022\/08\/oktay-banli-logo-03.webp\",\"width\":198,\"height\":88,\"caption\":\"Prof. D. Oktay BANLI\"},\"image\":{\"@id\":\"https:\/\/www.obezitecerrahiankara.com\/obezite\/#logo\"}},{\"@type\":\"WebSite\",\"@id\":\"https:\/\/www.obezitecerrahiankara.com\/obezite\/#website\",\"url\":\"https:\/\/www.obezitecerrahiankara.com\/obezite\/\",\"name\":\"T\\u00fcp Mide Ameliyat\\u0131\",\"description\":\"Obezite Cerrahisi\",\"publisher\":{\"@id\":\"https:\/\/www.obezitecerrahiankara.com\/obezite\/#organization\"},\"potentialAction\":[{\"@type\":\"SearchAction\",\"target\":\"https:\/\/www.obezitecerrahiankara.com\/obezite\/?s={search_term_string}\",\"query-input\":\"required name=search_term_string\"}],\"inLanguage\":\"tr\"},{\"@type\":\"ImageObject\",\"@id\":\"https:\/\/www.obezitecerrahiankara.com\/obezite\/cocuklar-obezite-ameliyati-olabilir-mi-2\/#primaryimage\",\"inLanguage\":\"tr\",\"url\":\"https:\/\/www.obezitecerrahiankara.com\/obezite\/wp-content\/uploads\/2023\/10\/top2.webp\",\"contentUrl\":\"https:\/\/www.obezitecerrahiankara.com\/obezite\/wp-content\/uploads\/2023\/10\/top2.webp\",\"width\":2500,\"height\":1227},{\"@type\":\"WebPage\",\"@id\":\"https:\/\/www.obezitecerrahiankara.com\/obezite\/cocuklar-obezite-ameliyati-olabilir-mi-2\/#webpage\",\"url\":\"https:\/\/www.obezitecerrahiankara.com\/obezite\/cocuklar-obezite-ameliyati-olabilir-mi-2\/\",\"name\":\"\\u00c7ocuklar Obezite Ameliyat\\u0131 Olabilir mi? | T\\u00fcp Mide Ameliyat\\u0131\",\"isPartOf\":{\"@id\":\"https:\/\/www.obezitecerrahiankara.com\/obezite\/#website\"},\"primaryImageOfPage\":{\"@id\":\"https:\/\/www.obezitecerrahiankara.com\/obezite\/cocuklar-obezite-ameliyati-olabilir-mi-2\/#primaryimage\"},\"datePublished\":\"2022-08-25T18:20:40+00:00\",\"dateModified\":\"2023-12-06T12:54:04+00:00\",\"description\":\"\\u00c7ocuklar Obezite Ameliyat\\u0131 Olabilir mi? Obezite ameliyat ya\\u015f\\u0131 giderek d\\u00fc\\u015fmekte. \\u00d6zellikle adolesan obezitesi de g\\u00fcndemde yani okul \\u00e7a\\u011f...\",\"breadcrumb\":{\"@id\":\"https:\/\/www.obezitecerrahiankara.com\/obezite\/cocuklar-obezite-ameliyati-olabilir-mi-2\/#breadcrumb\"},\"inLanguage\":\"tr\",\"potentialAction\":[{\"@type\":\"ReadAction\",\"target\":[\"https:\/\/www.obezitecerrahiankara.com\/obezite\/cocuklar-obezite-ameliyati-olabilir-mi-2\/\"]}]},{\"@type\":\"BreadcrumbList\",\"@id\":\"https:\/\/www.obezitecerrahiankara.com\/obezite\/cocuklar-obezite-ameliyati-olabilir-mi-2\/#breadcrumb\",\"itemListElement\":[{\"@type\":\"ListItem\",\"position\":1,\"item\":{\"@type\":\"WebPage\",\"@id\":\"https:\/\/www.obezitecerrahiankara.com\/obezite\/\",\"url\":\"https:\/\/www.obezitecerrahiankara.com\/obezite\/\",\"name\":\"Home\"}},{\"@type\":\"ListItem\",\"position\":2,\"item\":{\"@type\":\"WebPage\",\"@id\":\"https:\/\/www.obezitecerrahiankara.com\/obezite\/cocuklar-obezite-ameliyati-olabilir-mi-2\/\",\"url\":\"https:\/\/www.obezitecerrahiankara.com\/obezite\/cocuklar-obezite-ameliyati-olabilir-mi-2\/\",\"name\":\"\\u00c7ocuklar Obezite Ameliyat\\u0131 Olabilir mi?\"}}]}]}<\/script>\n<!-- \/ Yoast SEO Premium plugin. -->","_links":{"self":[{"href":"https:\/\/www.obezitecerrahiankara.com\/obezite\/wp-json\/wp\/v2\/pages\/2412"}],"collection":[{"href":"https:\/\/www.obezitecerrahiankara.com\/obezite\/wp-json\/wp\/v2\/pages"}],"about":[{"href":"https:\/\/www.obezitecerrahiankara.com\/obezite\/wp-json\/wp\/v2\/types\/page"}],"author":[{"embeddable":true,"href":"https:\/\/www.obezitecerrahiankara.com\/obezite\/wp-json\/wp\/v2\/users\/1"}],"replies":[{"embeddable":true,"href":"https:\/\/www.obezitecerrahiankara.com\/obezite\/wp-json\/wp\/v2\/comments?post=2412"}],"version-history":[{"count":2,"href":"https:\/\/www.obezitecerrahiankara.com\/obezite\/wp-json\/wp\/v2\/pages\/2412\/revisions"}],"predecessor-version":[{"id":2919,"href":"https:\/\/www.obezitecerrahiankara.com\/obezite\/wp-json\/wp\/v2\/pages\/2412\/revisions\/2919"}],"wp:featuredmedia":[{"embeddable":true,"href":"https:\/\/www.obezitecerrahiankara.com\/obezite\/wp-json\/wp\/v2\/media\/2691"}],"wp:attachment":[{"href":"https:\/\/www.obezitecerrahiankara.com\/obezite\/wp-json\/wp\/v2\/media?parent=2412"}],"curies":[{"name":"wp","href":"https:\/\/api.w.org\/{rel}","templated":true}]}}