{"id":2424,"date":"2022-08-25T21:19:27","date_gmt":"2022-08-25T18:19:27","guid":{"rendered":"https:\/\/oktaybanli.com.tr\/?page_id=2424"},"modified":"2023-12-06T15:54:04","modified_gmt":"2023-12-06T12:54:04","slug":"obezite-ameliyati-sonrasi-agri-olur-mu","status":"publish","type":"page","link":"https:\/\/www.obezitecerrahiankara.com\/obezite\/obezite-ameliyati-sonrasi-agri-olur-mu\/","title":{"rendered":"Obezite Ameliyat\u0131 Sonras\u0131 A\u011fr\u0131 Olur mu?"},"content":{"rendered":"<section id=\"bt_section69dfe5236ee74\"  class=\"boldSection topSpaced bottomSpaced gutter inherit\" style=\"background-color:rgb(255,255,255);\"><div class=\"port\"><div class=\"boldCell\"><div class=\"boldCellInner\"><div class=\"boldRow  \" ><div class=\"boldRowInner\"><div class=\"rowItem col-md-12 col-ms-12  btTextLeft animate animate-fadein inherit btDoublePadding\"  ><div class=\"rowItemContent\" ><div class=\"btText\" ><h3 style=\"text-align: center;\">Obezite Ameliyat\u0131 Sonras\u0131 A\u011fr\u0131 Olur mu?<\/h3>\n<p><span style=\"font-weight: 400;\"><a href=\"https:\/\/oktaybanli.com.tr\/tup-mide-ameliyati-sleeve-gastrektomi\/\">Obezite Ameliyat\u0131<\/a> Sonras\u0131 A\u011fr\u0131 Olur mu? Her ameliyatta mutlaka a\u011fr\u0131 olur. Obezite ameliyatlar\u0131 <a href=\"https:\/\/oktaybanli.com.tr\/tibbi-terimler\/\">laparoskopik<\/a> yap\u0131l\u0131yor yani kapal\u0131 yap\u0131l\u0131yor. K\u00fc\u00e7\u00fck deliklerle yap\u0131l\u0131yor. Boydan boya kar\u0131n a\u00e7\u0131lmad\u0131\u011f\u0131 i\u00e7in <a href=\"http:\/\/oktaybanli.com.tr\/tibbi-terimler\/\">trokar<\/a> yeri dedi\u011fimiz \u00e7ubuklar\u0131n girdi\u011fi yerde a\u011f\u0131rl\u0131\u011f\u0131 hissediyor hastalar\u0131m\u0131z. <a href=\"https:\/\/oktaybanli.com.tr\/tibbi-terimler\/\">Laparoskopinin<\/a> bir etkisi ise omuz a\u011fr\u0131s\u0131, s\u0131rt a\u011fr\u0131lar\u0131 \u00e7ok nadirde olsa hastalar\u0131m\u0131zda olabiliyor.<\/span><\/p>\n<figure id=\"attachment_1972\" aria-describedby=\"caption-attachment-1972\" style=\"width: 750px\" class=\"wp-caption alignnone\"><img loading=\"lazy\" class=\"wp-image-1972 \" src=\"http:\/\/oktaybanli.com.tr\/wp-content\/uploads\/2022\/08\/obezite-ameliyati-sonrasi-agrim-olurmu-320x213.webp\" alt=\"Obezite Ameliyat\u0131 Sonras\u0131 A\u011fr\u0131 Olur mu?\" width=\"750\" height=\"499\" srcset=\"https:\/\/www.obezitecerrahiankara.com\/obezite\/wp-content\/uploads\/2022\/08\/obezite-ameliyati-sonrasi-agrim-olurmu-320x213.webp 320w, https:\/\/www.obezitecerrahiankara.com\/obezite\/wp-content\/uploads\/2022\/08\/obezite-ameliyati-sonrasi-agrim-olurmu-768x512.webp 768w, https:\/\/www.obezitecerrahiankara.com\/obezite\/wp-content\/uploads\/2022\/08\/obezite-ameliyati-sonrasi-agrim-olurmu-540x360.webp 540w, https:\/\/www.obezitecerrahiankara.com\/obezite\/wp-content\/uploads\/2022\/08\/obezite-ameliyati-sonrasi-agrim-olurmu.webp 1134w\" sizes=\"(max-width: 750px) 100vw, 750px\" \/><figcaption id=\"caption-attachment-1972\" class=\"wp-caption-text\">Obezite Ameliyat\u0131 Sonras\u0131 A\u011fr\u0131 Olur mu?<\/figcaption><\/figure>\n<p><span style=\"font-weight: 400;\">A\u011fr\u0131lar birka\u00e7 g\u00fcn devam edebiliyor ancak bu a\u011fr\u0131lar\u0131n tamam\u0131 a\u011fr\u0131 kesicilere olumlu yan\u0131t vermekte. Birinci g\u00fcnden itibaren a\u011fr\u0131lar\u0131n tamamen azald\u0131\u011f\u0131n\u0131, hastalar\u0131n aya\u011fa kalkt\u0131\u011f\u0131n\u0131, gezdi\u011fini, y\u00fcr\u00fcd\u00fc\u011f\u00fcn\u00fc g\u00f6r\u00fcyoruz. \u00c7ok a\u011fr\u0131l\u0131, hastay\u0131 yata\u011fa hapseden, g\u00fcnlerce yat\u0131ran, \u00e7ok a\u011f\u0131r a\u011fr\u0131 kesiciler ihtiya\u00e7 duyulan bir ameliyat de\u011fildir.<\/span><\/p>\n<p><iframe loading=\"lazy\" title=\"Prof.Dr. Oktay Banl\u0131 - Obezite Ameliyat\u0131 Sonras\u0131 A\u011fr\u0131m Olur mu?\" width=\"1200\" height=\"675\" src=\"https:\/\/www.youtube.com\/embed\/Jx5TvN7kYxw?feature=oembed\" frameborder=\"0\" allow=\"accelerometer; autoplay; clipboard-write; encrypted-media; gyroscope; picture-in-picture; web-share\" allowfullscreen><\/iframe><\/p>\n<p>[instagram-feed feed=3]<\/p>\n<\/div><\/div><\/div><\/div><\/div><\/div><\/div><\/div><\/section>","protected":false},"excerpt":{"rendered":"","protected":false},"author":1,"featured_media":2691,"parent":0,"menu_order":0,"comment_status":"closed","ping_status":"closed","template":"","meta":[],"yoast_head":"<!-- This site is optimized with the Yoast SEO Premium plugin v16.1 - https:\/\/yoast.com\/wordpress\/plugins\/seo\/ -->\n<title>Obezite Ameliyat\u0131 Sonras\u0131 A\u011fr\u0131 Olur mu? | T\u00fcp Mide Ameliyat\u0131<\/title>\n<meta name=\"description\" content=\"Obezite Ameliyat\u0131 Sonras\u0131 A\u011fr\u0131 Olur mu? Her ameliyatta mutlaka a\u011fr\u0131 olur. Obezite ameliyatlar\u0131 laparoskopik yap\u0131l\u0131yor yani kapal\u0131 yap\u0131l\u0131yor.\" \/>\n<link rel=\"canonical\" href=\"https:\/\/www.obezitecerrahiankara.com\/obezite\/obezite-ameliyati-sonrasi-agri-olur-mu\/\" \/>\n<meta property=\"og:locale\" content=\"tr_TR\" \/>\n<meta property=\"og:type\" content=\"article\" \/>\n<meta property=\"og:title\" content=\"Obezite Ameliyat\u0131 Sonras\u0131 A\u011fr\u0131 Olur mu? | T\u00fcp Mide Ameliyat\u0131\" \/>\n<meta property=\"og:description\" content=\"Obezite Ameliyat\u0131 Sonras\u0131 A\u011fr\u0131 Olur mu? Her ameliyatta mutlaka a\u011fr\u0131 olur. Obezite ameliyatlar\u0131 laparoskopik yap\u0131l\u0131yor yani kapal\u0131 yap\u0131l\u0131yor.\" \/>\n<meta property=\"og:url\" content=\"https:\/\/www.obezitecerrahiankara.com\/obezite\/obezite-ameliyati-sonrasi-agri-olur-mu\/\" \/>\n<meta property=\"og:site_name\" content=\"T\u00fcp Mide Ameliyat\u0131\" \/>\n<meta property=\"article:publisher\" content=\"https:\/\/www.facebook.com\/DrOktayBanli\/\" \/>\n<meta property=\"article:modified_time\" content=\"2023-12-06T12:54:04+00:00\" \/>\n<meta name=\"twitter:card\" content=\"summary_large_image\" \/>\n<meta name=\"twitter:image\" content=\"https:\/\/www.obezitecerrahiankara.com\/obezite\/wp-content\/uploads\/2023\/10\/top2.webp\" \/>\n<meta name=\"twitter:label1\" content=\"Tahmini okuma s\u00fcresi\">\n\t<meta name=\"twitter:data1\" content=\"5 dakika\">\n<script type=\"application\/ld+json\" class=\"yoast-schema-graph\">{\"@context\":\"https:\/\/schema.org\",\"@graph\":[{\"@type\":\"Organization\",\"@id\":\"https:\/\/www.obezitecerrahiankara.com\/obezite\/#organization\",\"name\":\"Prof. D. Oktay BANLI\",\"url\":\"https:\/\/www.obezitecerrahiankara.com\/obezite\/\",\"sameAs\":[\"https:\/\/www.facebook.com\/DrOktayBanli\/\",\"https:\/\/www.instagram.com\/prof.dr.oktaybanli\/\",\"https:\/\/www.youtube.com\/channel\/UCMbJlYVnIneRr8FYnNg_XTQ\"],\"logo\":{\"@type\":\"ImageObject\",\"@id\":\"https:\/\/www.obezitecerrahiankara.com\/obezite\/#logo\",\"inLanguage\":\"tr\",\"url\":\"https:\/\/oktaybanli.com.tr\/wp-content\/uploads\/2022\/08\/oktay-banli-logo-03.webp\",\"contentUrl\":\"https:\/\/oktaybanli.com.tr\/wp-content\/uploads\/2022\/08\/oktay-banli-logo-03.webp\",\"width\":198,\"height\":88,\"caption\":\"Prof. D. Oktay BANLI\"},\"image\":{\"@id\":\"https:\/\/www.obezitecerrahiankara.com\/obezite\/#logo\"}},{\"@type\":\"WebSite\",\"@id\":\"https:\/\/www.obezitecerrahiankara.com\/obezite\/#website\",\"url\":\"https:\/\/www.obezitecerrahiankara.com\/obezite\/\",\"name\":\"T\\u00fcp Mide Ameliyat\\u0131\",\"description\":\"Obezite Cerrahisi\",\"publisher\":{\"@id\":\"https:\/\/www.obezitecerrahiankara.com\/obezite\/#organization\"},\"potentialAction\":[{\"@type\":\"SearchAction\",\"target\":\"https:\/\/www.obezitecerrahiankara.com\/obezite\/?s={search_term_string}\",\"query-input\":\"required name=search_term_string\"}],\"inLanguage\":\"tr\"},{\"@type\":\"ImageObject\",\"@id\":\"https:\/\/www.obezitecerrahiankara.com\/obezite\/obezite-ameliyati-sonrasi-agri-olur-mu\/#primaryimage\",\"inLanguage\":\"tr\",\"url\":\"https:\/\/www.obezitecerrahiankara.com\/obezite\/wp-content\/uploads\/2023\/10\/top2.webp\",\"contentUrl\":\"https:\/\/www.obezitecerrahiankara.com\/obezite\/wp-content\/uploads\/2023\/10\/top2.webp\",\"width\":2500,\"height\":1227},{\"@type\":\"WebPage\",\"@id\":\"https:\/\/www.obezitecerrahiankara.com\/obezite\/obezite-ameliyati-sonrasi-agri-olur-mu\/#webpage\",\"url\":\"https:\/\/www.obezitecerrahiankara.com\/obezite\/obezite-ameliyati-sonrasi-agri-olur-mu\/\",\"name\":\"Obezite Ameliyat\\u0131 Sonras\\u0131 A\\u011fr\\u0131 Olur mu? | T\\u00fcp Mide Ameliyat\\u0131\",\"isPartOf\":{\"@id\":\"https:\/\/www.obezitecerrahiankara.com\/obezite\/#website\"},\"primaryImageOfPage\":{\"@id\":\"https:\/\/www.obezitecerrahiankara.com\/obezite\/obezite-ameliyati-sonrasi-agri-olur-mu\/#primaryimage\"},\"datePublished\":\"2022-08-25T18:19:27+00:00\",\"dateModified\":\"2023-12-06T12:54:04+00:00\",\"description\":\"Obezite Ameliyat\\u0131 Sonras\\u0131 A\\u011fr\\u0131 Olur mu? Her ameliyatta mutlaka a\\u011fr\\u0131 olur. Obezite ameliyatlar\\u0131 laparoskopik yap\\u0131l\\u0131yor yani kapal\\u0131 yap\\u0131l\\u0131yor.\",\"breadcrumb\":{\"@id\":\"https:\/\/www.obezitecerrahiankara.com\/obezite\/obezite-ameliyati-sonrasi-agri-olur-mu\/#breadcrumb\"},\"inLanguage\":\"tr\",\"potentialAction\":[{\"@type\":\"ReadAction\",\"target\":[\"https:\/\/www.obezitecerrahiankara.com\/obezite\/obezite-ameliyati-sonrasi-agri-olur-mu\/\"]}]},{\"@type\":\"BreadcrumbList\",\"@id\":\"https:\/\/www.obezitecerrahiankara.com\/obezite\/obezite-ameliyati-sonrasi-agri-olur-mu\/#breadcrumb\",\"itemListElement\":[{\"@type\":\"ListItem\",\"position\":1,\"item\":{\"@type\":\"WebPage\",\"@id\":\"https:\/\/www.obezitecerrahiankara.com\/obezite\/\",\"url\":\"https:\/\/www.obezitecerrahiankara.com\/obezite\/\",\"name\":\"Home\"}},{\"@type\":\"ListItem\",\"position\":2,\"item\":{\"@type\":\"WebPage\",\"@id\":\"https:\/\/www.obezitecerrahiankara.com\/obezite\/obezite-ameliyati-sonrasi-agri-olur-mu\/\",\"url\":\"https:\/\/www.obezitecerrahiankara.com\/obezite\/obezite-ameliyati-sonrasi-agri-olur-mu\/\",\"name\":\"Obezite Ameliyat\\u0131 Sonras\\u0131 A\\u011fr\\u0131 Olur mu?\"}}]}]}<\/script>\n<!-- \/ Yoast SEO Premium plugin. -->","_links":{"self":[{"href":"https:\/\/www.obezitecerrahiankara.com\/obezite\/wp-json\/wp\/v2\/pages\/2424"}],"collection":[{"href":"https:\/\/www.obezitecerrahiankara.com\/obezite\/wp-json\/wp\/v2\/pages"}],"about":[{"href":"https:\/\/www.obezitecerrahiankara.com\/obezite\/wp-json\/wp\/v2\/types\/page"}],"author":[{"embeddable":true,"href":"https:\/\/www.obezitecerrahiankara.com\/obezite\/wp-json\/wp\/v2\/users\/1"}],"replies":[{"embeddable":true,"href":"https:\/\/www.obezitecerrahiankara.com\/obezite\/wp-json\/wp\/v2\/comments?post=2424"}],"version-history":[{"count":2,"href":"https:\/\/www.obezitecerrahiankara.com\/obezite\/wp-json\/wp\/v2\/pages\/2424\/revisions"}],"predecessor-version":[{"id":2920,"href":"https:\/\/www.obezitecerrahiankara.com\/obezite\/wp-json\/wp\/v2\/pages\/2424\/revisions\/2920"}],"wp:featuredmedia":[{"embeddable":true,"href":"https:\/\/www.obezitecerrahiankara.com\/obezite\/wp-json\/wp\/v2\/media\/2691"}],"wp:attachment":[{"href":"https:\/\/www.obezitecerrahiankara.com\/obezite\/wp-json\/wp\/v2\/media?parent=2424"}],"curies":[{"name":"wp","href":"https:\/\/api.w.org\/{rel}","templated":true}]}}