{"id":2453,"date":"2022-08-29T11:23:16","date_gmt":"2022-08-29T08:23:16","guid":{"rendered":"https:\/\/oktaybanli.com.tr\/?page_id=2453"},"modified":"2022-08-29T11:28:49","modified_gmt":"2022-08-29T08:28:49","slug":"tup-mide-ameliyati-olanlar-hamile-kalabilirmi","status":"publish","type":"page","link":"https:\/\/www.obezitecerrahiankara.com\/obezite\/tup-mide-ameliyati-olanlar-hamile-kalabilirmi\/","title":{"rendered":"T\u00fcp Mide Ameliyat\u0131 Olanlar Hamile Kalabilir"},"content":{"rendered":"<section id=\"bt_section69dfe4adb2930\"  class=\"boldSection btDivider topSemiSpaced btDarkSkin gutter inherit wBackground cover\" style=\"background-color:#0176d5;background-image:url('https:\/\/www.obezitecerrahiankara.com\/obezite\/wp-content\/uploads\/2018\/03\/bgn-general-hospital-03.jpg');\"><div class=\"port\"><div class=\"boldCell\"><div class=\"boldCellInner\"><div class=\"boldRow  \" ><div class=\"boldRowInner\"><div class=\"rowItem col-md-12 col-ms-12  btTextLeft animate animate-fadein animate-moveleft inherit\"  ><div class=\"rowItemContent\" ><div class=\"btClear btSeparator topExtraSmallSpaced bottomExtraSmallSpaced noBorder\" ><hr><\/div><header class=\"header btClear large btDash bottomDash  btAlternateDash\" ><div class=\"dash\"><h2><span class=\"headline\">\r<br>\r<br>T\u00fcp Mide Ameliyat\u0131 Olanlar Hamile Kalabilir<\/span><\/h2><\/div><\/header><div class=\"btText\" ><\/div><\/div><\/div><\/div><\/div><\/div><\/div><\/div><\/section><section id=\"bt_section69dfe4adb2aeb\"  class=\"boldSection topSpaced bottomSpaced gutter inherit\" style=\"background-color:rgb(255,255,255);\"><div class=\"port\"><div class=\"boldCell\"><div class=\"boldCellInner\"><div class=\"boldRow  \" ><div class=\"boldRowInner\"><div class=\"rowItem col-md-8 col-ms-12 btTextLeft animate animate-fadein inherit btDoublePadding\"  ><div class=\"rowItemContent\" ><div class=\"btText\" ><h4 style=\"text-align: center;\">T\u00fcp Mide Ameliyat\u0131 Olanlar Hamile Kalabilir mi?<\/h4>\n<p><a href=\"https:\/\/oktaybanli.com.tr\/tup-mide-ameliyati-sleeve-gastrektomi\/\">T\u00fcp mide ameliyat\u0131<\/a> olanlar hamile kalabilir. <a href=\"https:\/\/oktaybanli.com.tr\/tup-mide-ameliyati-sleeve-gastrektomi\/\">T\u00fcp mide ameliyat\u0131<\/a> olan hastalar\u0131n gebe kalma olas\u0131l\u0131\u011f\u0131 obez ya\u015famaya devam eden hastalara g\u00f6re daha fazlad\u0131r. \u00d6zellikle <a href=\"https:\/\/oktaybanli.com.tr\/tibbi-terimler\/\">polikistik over<\/a> sebebiyle adet d\u00fczensizli\u011fi \u00e7eken hastalarda kilo verdikten sonra adetlerin d\u00fczeldi\u011fi ve normal gebe kald\u0131klar\u0131 g\u00f6r\u00fclmektedir.<\/p>\n<figure id=\"attachment_2454\" aria-describedby=\"caption-attachment-2454\" style=\"width: 750px\" class=\"wp-caption alignnone\"><img loading=\"lazy\" class=\" wp-image-2454\" src=\"https:\/\/oktaybanli.com.tr\/wp-content\/uploads\/2022\/08\/tup-mide-ameliyatindan-sonra-gebelik-320x213.webp\" alt=\"T\u00fcp Mide Ameliyat\u0131 Olanlar Hamile Kalabilir mi?\" width=\"750\" height=\"499\" srcset=\"https:\/\/www.obezitecerrahiankara.com\/obezite\/wp-content\/uploads\/2022\/08\/tup-mide-ameliyatindan-sonra-gebelik-320x213.webp 320w, https:\/\/www.obezitecerrahiankara.com\/obezite\/wp-content\/uploads\/2022\/08\/tup-mide-ameliyatindan-sonra-gebelik-540x360.webp 540w, https:\/\/www.obezitecerrahiankara.com\/obezite\/wp-content\/uploads\/2022\/08\/tup-mide-ameliyatindan-sonra-gebelik.webp 567w\" sizes=\"(max-width: 750px) 100vw, 750px\" \/><figcaption id=\"caption-attachment-2454\" class=\"wp-caption-text\">T\u00fcp Mide Ameliyat\u0131 Olanlar Hamile Kalabilir mi?<\/figcaption><\/figure>\n<p>T\u00fcp mide ameliyat\u0131 olan hastalar\u0131m\u0131za, ameliyattan sonraki ilk y\u0131l i\u00e7in hamile kalmalar\u0131n\u0131 \u00f6nermemekteyiz. Hasta normal kilosuna ula\u015ft\u0131\u011f\u0131nda ya da a\u015f\u0131r\u0131 kilolar\u0131n \u00f6nemli k\u0131sm\u0131n\u0131 verdiklerinde hamile kalmalar\u0131n\u0131 \u00f6nermekteyiz.\u00a0 Normal kilosuna ula\u015ft\u0131ktan sonra hasta hamile kalabilir ve normal do\u011fum yapabilir.<\/p>\n<p><a href=\"https:\/\/oktaybanli.com.tr\/mide-kucultme-ameliyati-gastrik-bypass\/\">Gastrik Bypass<\/a> ameliyat\u0131 hastalar\u0131 i\u00e7in hamile kalmadan \u00f6nce vitamin eksikliklerinin olmamas\u0131 ve beslenme al\u0131\u015fkanl\u0131klar\u0131n\u0131n iyi olmas\u0131 de\u011ferlendirilmelidir. Obezite ameliyat\u0131 sonras\u0131 hamile kalan anne adaylar\u0131n\u0131n kad\u0131n do\u011fum uzmanlar\u0131yla birlikte yak\u0131ndan takip edilmelidir.<\/p>\n<p>Bu kriterlerin d\u0131\u015f\u0131nda ameliyattan 3-4 ay sonra hamile kalan ve sorun ya\u015famadan do\u011fum yapan \u00e7ok say\u0131da hastam\u0131z da bulunmaktad\u0131r. Ama yine de hastalar\u0131m\u0131za ameliyattan sonra ilk y\u0131l hamile kalmalar\u0131n\u0131 \u00f6nermemekteyiz. T\u00fcp mide ameliyat\u0131 olanlar hamile kalabilir mi?<\/p>\n<p><iframe loading=\"lazy\" title=\"Obezite Ameliyat\u0131 Sonras\u0131 Hamilelik\" width=\"1200\" height=\"675\" src=\"https:\/\/www.youtube.com\/embed\/ipuAwYDcSNI?feature=oembed\" frameborder=\"0\" allow=\"accelerometer; autoplay; clipboard-write; encrypted-media; gyroscope; picture-in-picture\" allowfullscreen><\/iframe><\/p>\n<p style=\"text-align: center;\">T\u00fcp mide ameliyat\u0131 olanlar hamile kalabilir mi?<br \/>\n[instagram-feed feed=3]<\/p>\n<\/div><\/div><\/div><div class=\"rowItem col-md-4 col-ms-12 btTextCenter animate animate-fadein btTextIndent btTopVertical btDoublePadding btDarkSkin\" style=\"background-color: rgba(1, 118, 213, 1);\" ><div class=\"rowItemContent\" ><div class=\"btClear btSeparator topSemiSpaced noBorder\" ><hr><\/div><div class=\"btText\" >[instagram-feed feed=2]<\/div><div class=\"btClear btSeparator topSmallSpaced noBorder\" ><hr><\/div><\/div><\/div><\/div><\/div><\/div><\/div><\/div><\/section>","protected":false},"excerpt":{"rendered":"","protected":false},"author":1,"featured_media":0,"parent":0,"menu_order":0,"comment_status":"closed","ping_status":"closed","template":"","meta":[],"yoast_head":"<!-- This site is optimized with the Yoast SEO Premium plugin v16.1 - https:\/\/yoast.com\/wordpress\/plugins\/seo\/ -->\n<title>T\u00fcp Mide Ameliyat\u0131 Olanlar Hamile Kalabilir | T\u00fcp Mide Ameliyat\u0131<\/title>\n<meta name=\"description\" content=\"T\u00fcp mide ameliyat\u0131 olanlar hamile kalabilir. T\u00fcp mide ameliyat\u0131 olan hastalar\u0131n gebe kalma olas\u0131l\u0131\u011f\u0131 obez ya\u015famaya devam eden hastalara...\" \/>\n<link rel=\"canonical\" href=\"https:\/\/www.obezitecerrahiankara.com\/obezite\/tup-mide-ameliyati-olanlar-hamile-kalabilirmi\/\" \/>\n<meta property=\"og:locale\" content=\"tr_TR\" \/>\n<meta property=\"og:type\" content=\"article\" \/>\n<meta property=\"og:title\" content=\"T\u00fcp Mide Ameliyat\u0131 Olanlar Hamile Kalabilir | T\u00fcp Mide Ameliyat\u0131\" \/>\n<meta property=\"og:description\" content=\"T\u00fcp mide ameliyat\u0131 olanlar hamile kalabilir. T\u00fcp mide ameliyat\u0131 olan hastalar\u0131n gebe kalma olas\u0131l\u0131\u011f\u0131 obez ya\u015famaya devam eden hastalara...\" \/>\n<meta property=\"og:url\" content=\"https:\/\/www.obezitecerrahiankara.com\/obezite\/tup-mide-ameliyati-olanlar-hamile-kalabilirmi\/\" \/>\n<meta property=\"og:site_name\" content=\"T\u00fcp Mide Ameliyat\u0131\" \/>\n<meta property=\"article:publisher\" content=\"https:\/\/www.facebook.com\/DrOktayBanli\/\" \/>\n<meta property=\"article:modified_time\" content=\"2022-08-29T08:28:49+00:00\" \/>\n<meta property=\"og:image\" content=\"https:\/\/oktaybanli.com.tr\/wp-content\/uploads\/2022\/08\/tup-mide-ameliyatindan-sonra-gebelik-320x213.webp\" \/>\n<meta name=\"twitter:card\" content=\"summary_large_image\" \/>\n<meta name=\"twitter:label1\" content=\"Tahmini okuma s\u00fcresi\">\n\t<meta name=\"twitter:data1\" content=\"5 dakika\">\n<script type=\"application\/ld+json\" class=\"yoast-schema-graph\">{\"@context\":\"https:\/\/schema.org\",\"@graph\":[{\"@type\":\"Organization\",\"@id\":\"https:\/\/www.obezitecerrahiankara.com\/obezite\/#organization\",\"name\":\"Prof. D. Oktay BANLI\",\"url\":\"https:\/\/www.obezitecerrahiankara.com\/obezite\/\",\"sameAs\":[\"https:\/\/www.facebook.com\/DrOktayBanli\/\",\"https:\/\/www.instagram.com\/prof.dr.oktaybanli\/\",\"https:\/\/www.youtube.com\/channel\/UCMbJlYVnIneRr8FYnNg_XTQ\"],\"logo\":{\"@type\":\"ImageObject\",\"@id\":\"https:\/\/www.obezitecerrahiankara.com\/obezite\/#logo\",\"inLanguage\":\"tr\",\"url\":\"https:\/\/oktaybanli.com.tr\/wp-content\/uploads\/2022\/08\/oktay-banli-logo-03.webp\",\"contentUrl\":\"https:\/\/oktaybanli.com.tr\/wp-content\/uploads\/2022\/08\/oktay-banli-logo-03.webp\",\"width\":198,\"height\":88,\"caption\":\"Prof. D. Oktay BANLI\"},\"image\":{\"@id\":\"https:\/\/www.obezitecerrahiankara.com\/obezite\/#logo\"}},{\"@type\":\"WebSite\",\"@id\":\"https:\/\/www.obezitecerrahiankara.com\/obezite\/#website\",\"url\":\"https:\/\/www.obezitecerrahiankara.com\/obezite\/\",\"name\":\"T\\u00fcp Mide Ameliyat\\u0131\",\"description\":\"Obezite Cerrahisi\",\"publisher\":{\"@id\":\"https:\/\/www.obezitecerrahiankara.com\/obezite\/#organization\"},\"potentialAction\":[{\"@type\":\"SearchAction\",\"target\":\"https:\/\/www.obezitecerrahiankara.com\/obezite\/?s={search_term_string}\",\"query-input\":\"required name=search_term_string\"}],\"inLanguage\":\"tr\"},{\"@type\":\"ImageObject\",\"@id\":\"https:\/\/www.obezitecerrahiankara.com\/obezite\/tup-mide-ameliyati-olanlar-hamile-kalabilirmi\/#primaryimage\",\"inLanguage\":\"tr\",\"url\":\"https:\/\/oktaybanli.com.tr\/wp-content\/uploads\/2022\/08\/tup-mide-ameliyatindan-sonra-gebelik-320x213.webp\",\"contentUrl\":\"https:\/\/oktaybanli.com.tr\/wp-content\/uploads\/2022\/08\/tup-mide-ameliyatindan-sonra-gebelik-320x213.webp\"},{\"@type\":\"WebPage\",\"@id\":\"https:\/\/www.obezitecerrahiankara.com\/obezite\/tup-mide-ameliyati-olanlar-hamile-kalabilirmi\/#webpage\",\"url\":\"https:\/\/www.obezitecerrahiankara.com\/obezite\/tup-mide-ameliyati-olanlar-hamile-kalabilirmi\/\",\"name\":\"T\\u00fcp Mide Ameliyat\\u0131 Olanlar Hamile Kalabilir | T\\u00fcp Mide Ameliyat\\u0131\",\"isPartOf\":{\"@id\":\"https:\/\/www.obezitecerrahiankara.com\/obezite\/#website\"},\"primaryImageOfPage\":{\"@id\":\"https:\/\/www.obezitecerrahiankara.com\/obezite\/tup-mide-ameliyati-olanlar-hamile-kalabilirmi\/#primaryimage\"},\"datePublished\":\"2022-08-29T08:23:16+00:00\",\"dateModified\":\"2022-08-29T08:28:49+00:00\",\"description\":\"T\\u00fcp mide ameliyat\\u0131 olanlar hamile kalabilir. T\\u00fcp mide ameliyat\\u0131 olan hastalar\\u0131n gebe kalma olas\\u0131l\\u0131\\u011f\\u0131 obez ya\\u015famaya devam eden hastalara...\",\"breadcrumb\":{\"@id\":\"https:\/\/www.obezitecerrahiankara.com\/obezite\/tup-mide-ameliyati-olanlar-hamile-kalabilirmi\/#breadcrumb\"},\"inLanguage\":\"tr\",\"potentialAction\":[{\"@type\":\"ReadAction\",\"target\":[\"https:\/\/www.obezitecerrahiankara.com\/obezite\/tup-mide-ameliyati-olanlar-hamile-kalabilirmi\/\"]}]},{\"@type\":\"BreadcrumbList\",\"@id\":\"https:\/\/www.obezitecerrahiankara.com\/obezite\/tup-mide-ameliyati-olanlar-hamile-kalabilirmi\/#breadcrumb\",\"itemListElement\":[{\"@type\":\"ListItem\",\"position\":1,\"item\":{\"@type\":\"WebPage\",\"@id\":\"https:\/\/www.obezitecerrahiankara.com\/obezite\/\",\"url\":\"https:\/\/www.obezitecerrahiankara.com\/obezite\/\",\"name\":\"Home\"}},{\"@type\":\"ListItem\",\"position\":2,\"item\":{\"@type\":\"WebPage\",\"@id\":\"https:\/\/www.obezitecerrahiankara.com\/obezite\/tup-mide-ameliyati-olanlar-hamile-kalabilirmi\/\",\"url\":\"https:\/\/www.obezitecerrahiankara.com\/obezite\/tup-mide-ameliyati-olanlar-hamile-kalabilirmi\/\",\"name\":\"T\\u00fcp Mide Ameliyat\\u0131 Olanlar Hamile Kalabilir\"}}]}]}<\/script>\n<!-- \/ Yoast SEO Premium plugin. -->","_links":{"self":[{"href":"https:\/\/www.obezitecerrahiankara.com\/obezite\/wp-json\/wp\/v2\/pages\/2453"}],"collection":[{"href":"https:\/\/www.obezitecerrahiankara.com\/obezite\/wp-json\/wp\/v2\/pages"}],"about":[{"href":"https:\/\/www.obezitecerrahiankara.com\/obezite\/wp-json\/wp\/v2\/types\/page"}],"author":[{"embeddable":true,"href":"https:\/\/www.obezitecerrahiankara.com\/obezite\/wp-json\/wp\/v2\/users\/1"}],"replies":[{"embeddable":true,"href":"https:\/\/www.obezitecerrahiankara.com\/obezite\/wp-json\/wp\/v2\/comments?post=2453"}],"version-history":[{"count":4,"href":"https:\/\/www.obezitecerrahiankara.com\/obezite\/wp-json\/wp\/v2\/pages\/2453\/revisions"}],"predecessor-version":[{"id":2459,"href":"https:\/\/www.obezitecerrahiankara.com\/obezite\/wp-json\/wp\/v2\/pages\/2453\/revisions\/2459"}],"wp:attachment":[{"href":"https:\/\/www.obezitecerrahiankara.com\/obezite\/wp-json\/wp\/v2\/media?parent=2453"}],"curies":[{"name":"wp","href":"https:\/\/api.w.org\/{rel}","templated":true}]}}